st the prime factors of 8362640080.
2, 5, 173, 604237
What are the prime factors of 598178686?
2, 7, 229, 186581
List the prime factors of 63005413.
37, 1702849
List the prime factors of 809033443.
31, 41, 636533
List the prime factors of 749574799.
749574799
What are the prime factors of 400627151?
17, 1423, 16561
List the prime factors of 1106968504.
2, 138371063
What are the prime factors of 1813314267?
3, 19, 10604177
List the prime factors of 413427271.
103, 4013857
What are the prime factors of 269330241?
3, 89776747
List the prime factors of 310951066.
2, 1663, 93491
List the prime factors of 5786699736.
2, 3, 19, 557, 22783
List the prime factors of 1779270298.
2, 13, 68433473
What are the prime factors of 62310302?
2, 79, 394369
List the prime factors of 307517706.
2, 3, 31, 551107
What are the prime factors of 62839426?
2, 13, 43, 56207
List the prime factors of 603027280.
2, 5, 7537841
What are the prime factors of 1922906263?
983, 1956161
List the prime factors of 24116052.
2, 3, 23, 29, 131
What are the prime factors of 6142242?
2, 3, 23, 47, 947
List the prime factors of 232992140.
2, 5, 17, 685271
What are the prime factors of 143690601?
3, 47896867
List the prime factors of 104012078.
2, 103, 269, 1877
What are the prime factors of 96038530?
2, 5, 7, 195997
List the prime factors of 1300616805.
3, 5, 367, 236261
What are the prime factors of 288949989?
3, 23, 1867, 2243
What are the prime factors of 2258519816?
2, 7, 19, 139, 15271
What are the prime factors of 3096382404?
2, 3, 167, 1545101
List the prime factors of 196247670.
2, 3, 5, 31, 89, 2371
What are the prime factors of 64728175?
5, 2589127
What are the prime factors of 194158801?
23, 71, 118897
What are the prime factors of 1277587987?
13, 19, 71, 263, 277
List the prime factors of 6351189.
3, 13, 12527
What are the prime factors of 1832012595?
3, 5, 7, 109, 229, 233
List the prime factors of 3572060.
2, 5, 178603
What are the prime factors of 122422089?
3, 277, 147319
List the prime factors of 223167951.
3, 61, 406499
What are the prime factors of 201898383?
3, 67299461
List the prime factors of 66348976.
2, 4146811
What are the prime factors of 67835468?
2, 131, 129457
What are the prime factors of 119650573?
7, 17, 1005467
What are the prime factors of 1710405870?
2, 3, 5, 17, 59, 56843
List the prime factors of 30907628.
2, 7726907
What are the prime factors of 885964957?
2003, 442319
List the prime factors of 9984065.
5, 7, 13, 21943
What are the prime factors of 666227396?
2, 281, 457, 1297
List the prime factors of 76680801.
3, 107, 79627
List the prime factors of 3312503252.
2, 61, 13575833
What are the prime factors of 58694606?
2, 151, 194353
What are the prime factors of 51322550?
2, 5, 53, 107, 181
List the prime factors of 761362203.
3, 7, 36255343
What are the prime factors of 601305134?
2, 97, 3099511
What are the prime factors of 4807356996?
2, 3, 13, 2131, 14461
List the prime factors of 4224426676.
2, 3499, 301831
What are the prime factors of 3138472?
2, 17, 47, 491
What are the prime factors of 94277738?
2, 479, 98411
List the prime factors of 26823875.
5, 13, 17, 971
List the prime factors of 8206263.
3, 13, 70139
List the prime factors of 2037547385.
5, 31, 67, 196201
What are the prime factors of 3656565180?
2, 3, 5, 2257139
List the prime factors of 117882189.
3, 4366007
List the prime factors of 4011409534.
2, 11, 9721, 18757
List the prime factors of 914583733.
7, 359, 363941
What are the prime factors of 1106974036?
2, 7, 39534787
List the prime factors of 3762267887.
7, 2803, 191747
What are the prime factors of 8717233?
7, 167, 7457
List the prime factors of 384470218.
2, 11, 239, 73121
List the prime factors of 16320665.
5, 41, 79613
List the prime factors of 1611001089.
3, 19, 3140353
What are the prime factors of 239403384?
2, 3, 11, 17, 5927
What are the prime factors of 311198809?
23, 431, 31393
List the prime factors of 26829471.
3, 73, 122509
List the prime factors of 1297395274.
2, 7, 73, 1269467
List the prime factors of 311523396.
2, 3, 25960283
List the prime factors of 35043001.
7, 17, 294479
What are the prime factors of 104639325?
3, 5, 7, 199313
List the prime factors of 31963495.
5, 6392699
What are the prime factors of 18453307?
83, 222329
List the prime factors of 4910758486.
2, 131, 1789, 10477
List the prime factors of 1422384561.
3, 13, 23, 89, 5939
List the prime factors of 506059591.
101, 5010491
List the prime factors of 799332965.
5, 257, 622049
What are the prime factors of 1924693?
1924693
What are the prime factors of 2898537766?
2, 107, 557, 24317
What are the prime factors of 869487600?
2, 3, 5, 724573
List the prime factors of 325705200.
2, 3, 5, 269, 1009
List the prime factors of 17503240.
2, 5, 29, 79, 191
What are the prime factors of 19961899?
89, 224291
What are the prime factors of 22693326?
2, 3, 193, 19597
List the prime factors of 1710618545.
5, 19, 1471, 12241
What are the prime factors of 5415553?
11, 13, 37871
List the prime factors of 439791810.
2, 3, 5, 14659727
What are the prime factors of 674892040?
2, 5, 16872301
List the prime factors of 34767953.
11, 83, 113, 337
What are the prime factors of 1194330508?
2, 7, 1523, 4001
List the prime factors of 737006711.
7, 53, 1986541
List the prime factors of 284919570.
2, 3, 5, 13, 243521
List the prime factors of 2223484472.
2, 11, 25266869
What are the prime factors of 30226282?
2, 15113141
What are the prime factors of 1274774767?
7, 17, 61, 151, 1163
What are the prime factors of 323360983?
11, 79, 372107
List the prime factors of 281123007.
3, 11, 1823, 4673
What are the prime factors of 21898755?
3, 5, 139, 389
List the prime factors of 210251103.
3, 157, 509, 877
What are the prime factors of 1369297384?
2, 7, 13, 1880903
List the prime factors of 16320300.
2, 3, 5, 54401
What are the prime factors of 2354688280?
2, 5, 7, 8409601
List the prime factors of 41878835.
5, 41, 281, 727
List the prime factors of 113421588.
2, 3, 7, 1350257
What are the prime factors of 1491871255?
5, 7, 42624893
What are the prime factors of 3621237101?
37, 97871273
What are the prime factors of 1643639958?
2, 3, 2803, 10859
What are the prime factors of 605463586?
2, 7, 13, 83, 149, 269
What are the prime factors of 2702459996?
2, 239, 1109, 2549
What are the prime factors of 819707067?
3, 281, 108041
What are the prime factors of 585346706?
2, 7, 67, 624037
List the prime factors of 21155072.
2, 17, 4861
List the prime factors of 133618059.
3, 139, 35603
What are the prime factors of 52006867?
11, 37, 127781
List the prime factors of 7855862.
2, 7, 47, 11939
List the prime factors of 771669596.
2, 23, 919, 9127
What are the prime factors of 238642926?
2, 3, 19, 2093359
List the prime factors of 82973887.
31, 2676577
What are the prime factors of 256876997?
13, 19759769
What are the prime factors of 149785630?
2, 5, 14978563
What are the prime factors of 2542021577?
17, 107, 1397483
What are the prime factors of 494127346?
2, 29, 857, 9941
List the prime factors of 138701031.
3, 7, 6604811
List the prime factors of 29387807.
29387807
List the prime factors of 82028222.
2, 409, 100279
List the prime factors of 6027825983.
17, 5021, 70619
What are the prime factors of 164924657?
197, 563, 1487
List the prime factors of 77986754.
2, 19, 271, 7573
What are the prime factors of 777950546?
2, 3607, 107839
List the prime factors of 799355522.
2, 7, 31, 263119
What are the prime factors of 937370894?
2, 468685447
What are the prime factors of 370669500?
2, 3, 5, 27457
List the prime factors of 15496229.
7, 19, 37, 47, 67
What are the prime factors of 2769368429?
23, 653, 8017
List the prime factors of 91945379.
1637, 56167
What are the prime factors of 532601100?
2, 3, 5, 591779
List the prime factors of 186868407.
3, 11, 53, 883
What are the prime factors of 3198923001?
3, 691, 514379
What are the prime factors of 289675748?
2, 19, 3811523
List the prime factors of 7496364332.
2, 23, 4799, 16979
What are the prime factors of 2893763581?
73, 691, 57367
List the prime factors of 43649558.
2, 43, 47, 10799
List the prime factors of 2149325838.
2, 3, 11, 10855181
List the prime factors of 625459894.
2, 312729947
List the prime factors of 206322180.
2, 3, 5, 113, 30431
L